True
Is 113 a multiple of 7?
False
Does 76 divide 76851?
False
Does 12 divide 1491?
False
Does 52 divide 5337?
False
Does 141 divide 9993?
False
Is 28880 a multiple of 40?
True
Is 9 a factor of 50892?
False
Is 585 a multiple of 5?
True
Does 327 divide 41529?
True
Is 86904 a multiple of 8?
True
Does 267 divide 25355?
False
Is 97 a factor of 11737?
True
Is 815 a multiple of 6?
False
Does 21 divide 38997?
True
Is 10 a multiple of 3?
False
Is 246 a multiple of 3?
True
Is 3003 a multiple of 77?
True
Does 27 divide 23312?
False
Does 20 divide 1943?
False
Does 14 divide 273?
False
Is 17 a factor of 10720?
False
Does 115 divide 4684?
False
Is 10 a factor of 570?
True
Does 7 divide 2079?
True
Does 14 divide 8748?
False
Does 16 divide 892?
False
Is 59 a multiple of 5?
False
Does 6 divide 88?
False
Is 16 a factor of 1712?
True
Is 47025 a multiple of 5?
True
Is 8 a factor of 384?
True
Does 49 divide 3417?
False
Does 217 divide 34539?
False
Does 40 divide 440?
True
Is 21 a factor of 22302?
True
Is 5824 a multiple of 26?
True
Does 17 divide 164?
False
Is 102437 a multiple of 217?
False
Is 75066 a multiple of 126?
False
Does 5 divide 4760?
True
Is 36 a factor of 15662?
False
Does 95 divide 669?
False
Is 81 a factor of 1458?
True
Does 8 divide 1627?
False
Does 4 divide 192?
True
Is 3584 a multiple of 88?
False
Does 5 divide 9500?
True
Does 7 divide 1215?
False
Is 2416 a multiple of 151?
True
Is 15 a factor of 3812?
False
Is 127 a factor of 136652?
True
Is 1775 a multiple of 53?
False
Is 24 a factor of 3019?
False
Is 81093 a multiple of 13?
False
Does 10 divide 1159?
False
Is 2655 a multiple of 45?
True
Is 9 a factor of 729?
True
Is 21912 a multiple of 44?
True
Is 4728 a multiple of 24?
True
Does 168 divide 16632?
True
Does 230 divide 36570?
True
Is 561 a multiple of 6?
False
Does 13 divide 671?
False
Does 13 divide 156?
True
Is 13 a factor of 45?
False
Is 15158 a multiple of 19?
False
Is 64 a factor of 4416?
True
Is 22 a factor of 2921?
False
Does 8 divide 76672?
True
Does 31 divide 2515?
False
Does 30 divide 8430?
True
Is 5 a factor of 239?
False
Is 41 a factor of 902?
True
Is 17211 a multiple of 6?
False
Is 385 a multiple of 53?
False
Does 3 divide 589?
False
Is 28 a factor of 1407?
False
Does 45 divide 40590?
True
Is 15160 a multiple of 3?
False
Does 23 divide 4983?
False
Does 166 divide 41106?
False
Is 10 a factor of 23660?
True
Is 812 a multiple of 58?
True
Is 51 a factor of 488?
False
Is 52 a factor of 3236?
False
Is 11 a factor of 63613?
True
Is 48804 a multiple of 34?
False
Is 34 a factor of 5598?
False
Is 9 a factor of 17924?
False
Is 9480 a multiple of 114?
False
Does 22 divide 968?
True
Is 12 a factor of 42439?
False
Is 13 a factor of 4212?
True
Does 26 divide 385?
False
Does 19 divide 174?
False
Is 16 a factor of 9268?
False
Does 17 divide 714?
True
Is 450 a multiple of 22?
False
Is 808 a multiple of 31?
False
Is 50 a factor of 3450?
True
Does 17 divide 476?
True
Does 23 divide 17710?
True
Does 8 divide 376?
True
Does 3 divide 168?
True
Is 9676 a multiple of 82?
True
Does 18 divide 59?
False
Is 5848 a multiple of 68?
True
Is 10 a factor of 18530?
True
Is 259 a factor of 66563?
True
Is 54 a factor of 1836?
True
Does 20 divide 33550?
False
Does 37 divide 4921?
True
Is 5 a factor of 12926?
False
Is 7 a factor of 791?
True
Is 3090 a multiple of 15?
True
Is 8 a factor of 11836?
False
Does 16 divide 10512?
True
Is 11667 a multiple of 10?
False
Is 27 a factor of 10287?
True
Is 1401 a multiple of 8?
False
Is 17 a factor of 676?
False
Is 81 a factor of 13684?
False
Does 36 divide 684?
True
Is 18 a factor of 3024?
True
Is 2 a factor of 238?
True
Is 3306 a multiple of 38?
True
Does 2 divide 4758?
True
Is 15 a factor of 12847?
False
Is 18031 a multiple of 3?
False
Is 1377 a multiple of 4?
False
Does 10 divide 146?
False
Is 2596 a multiple of 22?
True
Is 4 a factor of 2976?
True
Is 12 a factor of 4006?
False
Does 14 divide 174207?
False
Is 2 a factor of 1839?
False
Does 81 divide 17415?
True
Is 15 a factor of 618?
False
Does 5 divide 132?
False
Is 68 a factor of 68?
True
Does 62 divide 2136?
False
Is 10 a factor of 730?
True
Is 10 a factor of 6207?
False
Is 15 a factor of 3780?
True
Is 2800 a multiple of 16?
True
Is 192 a multiple of 12?
True
Is 304 a multiple of 16?
True
Is 2242 a multiple of 13?
False
Is 4624 a multiple of 16?
True
Does 174 divide 36540?
True
Is 3 a factor of 101?
False
Is 110 a multiple of 55?
True
Is 37152 a multiple of 12?
True
Is 6 a factor of 262?
False
Does 132 divide 17160?
True
Does 29 divide 1917?
False
Is 14 a factor of 67?
False
Is 32 a factor of 587?
False
Does 4 divide 580?
True
Is 18 a factor of 6714?
True
Is 44 a factor of 836?
True
Is 8744 a multiple of 8?
True
Is 61 a factor of 20996?
False
Is 33 a factor of 705?
False
Is 68 a factor of 26656?
True
Is 3 a factor of 1629?
True
Does 2 divide 196?
True
Is 60 a factor of 960?
True
Does 27 divide 5076?
True
Is 184 a multiple of 2?
True
Is 826 a multiple of 7?
True
Is 16 a factor of 24640?
True
Does 12 divide 24?
True
Is 5543 a multiple of 23?
True
Does 82 divide 9840?
True
Does 18 divide 42173?
False
Is 20330 a multiple of 214?
True
Is 181 a multiple of 16?
False
Is 126292 a multiple of 18?
False
Is 1539 a multiple of 34?
False
Does 9 divide 711?
True
Is 36 a factor of 1368?
True
Is 1584 a multiple of 66?
True
Is 67 a factor of 1273?
True
Is 50 a factor of 468?
False
Is 2162 a multiple of 23?
True
Is 9435 a multiple of 85?
True
Does 70 divide 1318?
False
Is 83 a factor of 1162?
True
Is 810 a multiple of 69?
False
Is 1589 a multiple of 7?
True
Is 14 a factor of 7748?
False
Does 199 divide 156016?
True
Is 37 a factor of 8066?
True
Is 3792 a multiple of 24?
True
Is 280 a factor of 35560?
True
Is 181 a multiple of 2?
False
Is 60 a factor of 10908?
False
Is 49 a factor of 695?
False
Does 8 divide 459?
False
Does 50 divide 1150?
True
Is 27 a factor of 162?
True
Does 14 divide 826?
True
Is 48 a factor of 20400?
True
Is 3668 a multiple of 9?
False
Is 14 a factor of 1331?
False
Is 40 a factor of 1167?
False
Is 17 a factor of 1814?
False
Does 19 divide 646?
True
Is 610 a multiple of 10?
True
Is 25 a factor of 125?
True
Is 4 a factor of 888?
True
Is 15 a factor of 35257?
False
Does 19 divide 815?
False
Does 2 divide 69?
False
Is 5321 a multiple of 29?
False
Is 16791 a multiple of 87?
True
Does 13 divide 5146?
False
Does 344 divide 37496?
True
Is 8688 a multiple of 24?
True
Is 43 a factor of 59?
False
Is 68 a factor of 16728?
True
Is 124 a factor of 1485?
False
Does 13 divide 299?
True
Is 2023 a multiple of 6?
False
Is 1527 a multiple of 9?
False
Is 3907 a multiple of 113?
False
Is 12 a factor of 348?
True
Is 12 a factor of 30324?
True
Is 11193 a multiple of 178?
False
Does 17 divide 2172?
False
Is 169 a factor of 24843?
True
Is 23940 a multiple of 60?
True
Does 13 divide 3721?
False
Does 259 divide 19166?
True
Is 25 a factor of 24450?
True
Is 511 a multiple of 10?
False
Does 44 divide 827?
False
Is 55 a factor of 3300?
True
Is 117 a multiple of 13?
True
Does 59 divide 537?
False
Is 20665 a multiple of 86?
False
Is 6 a factor of 144?
True
Is 56940 a multiple of 12?
True
Does 13 divide 146?
False
Is 4 a factor of 5288?
True
Does 14 divide 40684?
True
Does 9 divide 35226?
True
Does 35 divide 4604?
False
Is 36 a factor of 21132?
True
Is 218 a factor of 72594?
True
Is 6 a factor of 6621?
False
Is 6786 a multiple of 18?
True
Does 54 divide 3786?
False
Does 46 divide 24610?
True
Is 537 a multiple of 5?
False
Does 254 divide 37084?
True
Does 11 divide 1334?
False
Is 146 a multiple of 142?
False
Is 62 a factor of 26846?
True
Is 2721 a multiple of 4?
False
Is 17 a factor of 385?
False
Is 7 a factor of 2926?
True
Is 74 a multiple of 12?
False
Does 72 divide 3600?
True
Is 270 a multiple of 9?
True
Does 41 divide 51540?
False
Does 6 divide 8033?
False
Does 119 divide 3378?
False
Does 45 divide 1161?
False
Is 52250 a multiple of 125?
True
Is 7188 a multiple of 12?
True
Is 1505 a multiple of 5?
True
Is 3434 a multiple of 101?
True
Is 10200 a multiple of 200?
True
Is 480 a multiple of 8?
True
Does 75 divide 225?
True
Is 686 a multiple of 49?
True
Is 23 a factor of 1377?
False
Is 12 a factor of 136?
False
Does 26 divide 26281?
False
Does 6 divide 1509?
False
Does 20 divide 16100?
True
Is 7 a factor of 